 common factor of 16 and t?
4
Let k = -9 + 13. Suppose -3*p + 2*p = -k. Suppose x = -x + p. Calculate the highest common divisor of 4 and x.
2
Suppose 3*s - 25 = -4. What is the highest common factor of 49 and s?
7
Suppose 552*h - 551*h = 93. Calculate the highest common factor of h and 248.
31
Suppose -369 = -29*d + 2009. What is the greatest common factor of 287 and d?
41
Let w = 147 - 96. Suppose -2*j + j = -34. Calculate the highest common factor of w and j.
17
Let a(k) = 12*k**2 + 2*k + 11. Let n be a(-4). Let y = n + -65. What is the greatest common factor of 65 and y?
65
Let r be (-130)/(-260)*(55 + 1). Calculate the highest common divisor of 224 and r.
28
Let x be 354/(-42)*-10 - 2/7. Calculate the highest common divisor of 1596 and x.
84
Let p(w) be the second derivative of -w**5/20 - w**4 + 2*w**3 - 9*w**2/2 - 2*w. Let i be p(-13). What is the highest common factor of 24 and i?
4
Let r(v) = 3*v**3 - v**2 - 2*v + 2. Let k be r(1). Suppose -4*c - f = c - 74, 3*c = k*f + 34. What is the highest common factor of 21 and c?
7
Suppose 1004*l + 437 = 1027*l. Calculate the greatest common factor of l and 152.
19
Let h = 1228 + -428. What is the greatest common divisor of h and 64?
32
Let v be (13/(-26))/((-2)/120). Suppose -2*t = 3*k - v, k = 3*k + 5*t - 9. What is the greatest common divisor of 96 and k?
12
Let k = -1832 - -1199. Let s = 1049 + k. Calculate the greatest common divisor of s and 52.
52
Let s be 5 + 9 - (-3 + 2). What is the greatest common factor of s and 75?
15
Let h(p) = -p**3 + 11*p**2 + 13*p + 14. Let d be h(12). Suppose -6 = 4*b - d. Let s be 0 + 36*(b - 0). Calculate the greatest common factor of s and 20.
20
Let m be ((-10)/10)/(4/(-40)) - 1. Let y be -109 + 0/(-2*1). Let w = 181 + y. Calculate the highest common factor of w and m.
9
Let o = -4 + 6. Let k be 2*o + (5 - 6). Suppose 336 = k*t + t. What is the greatest common factor of t and 12?
12
Suppose -q + 1 = 3*o - 3, 5*q + 37 = 4*o. Let v(f) = 9 + o*f**2 - 2*f**2 + 0*f**2 - 7*f. Let w be v(7). Calculate the highest common divisor of w and 72.
9
Let g(s) = s**3 - 2*s**2 + s - 3. Let y be g(3). Suppose -3*n + 48 = -3*o, -4*o + 11 = 3. What is the highest common divisor of n and y?
9
Let m be -10*(-1 + 1 + -2). Let s = 24 - 6. Suppose 20*n - s*n - 40 = 0. What is the greatest common factor of m and n?
20
Let c(y) = -2*y**2 - 8*y - 2. Let s be c(-4). Let h be (7 - 15)/(s/(-4)). Let q = -4 - h. What is the greatest common factor of 96 and q?
12
Let v(f) = -17*f + 91. Let q be v(5). Let p(w) = 68*w**3 + w**2 - w - 1. Let o be p(-1). Let i = -31 - o. What is the highest common factor of q and i?
6
Suppose -110 = -4*y - 5*r, -5*y - 146 = -10*y - 2*r. Calculate the greatest common divisor of y and 680.
10
Let u = 14 + -14. Suppose u*r = -r + 2. Suppose -2*j = 3*o - 0*j - 649, -r*j + 432 = 2*o. What is the highest common divisor of 31 and o?
31
Let j = 486 + -90. Suppose -4*f + f - 3*c + 15 = 0, -4*f = -2*c + 4. Let t be (f/(-3))/((-11)/j). Calculate the highest common divisor of 24 and t.
12
Suppose 2*o - 21 = 3*o. Let n = -216 - -188. Let i = o - n. What is the greatest common factor of i and 56?
7
Suppose -3*w - 67 = 2*f, -4*w - f + 2*f = 82. Let q be w/(-84) + ((-107)/(-4))/1. Calculate the highest common factor of q and 162.
27
Let d = -663 + 717. What is the highest common divisor of 180 and d?
18
Let t be (2 - -2)/((-4)/(-6)). Suppose -355 = -t*q + q. Let m = q + -47. What is the highest common factor of m and 12?
12
Let d be -2 - -11*(1 - 0/4). Suppose -10 = d*m - 10*m. Suppose 3*z - 103 - 17 = 0. What is the greatest common factor of z and m?
10
Let v(d) = 11*d**2 - 10*d + 23. Let t(m) = -5*m**2 + 5*m - 11. Let q(k) = 13*t(k) + 6*v(k). Let z be q(-8). What is the highest common factor of z and 19?
19
Let h(i) = 1109*i**3 + i**2 + 14*i - 14. Let g be h(1). Calculate the highest common divisor of 30 and g.
30
Suppose -3*c - 592 = -4*g, 3*g + 6*c = 3*c + 423. Suppose 3*t - 2*w - g = 0, 3*t - w = 4*w + 160. What is the greatest common divisor of t and 45?
45
Suppose 0 = -4*f - 159 - 601. Let m = f + 295. What is the greatest common divisor of 42 and m?
21
Let g(t) = t - 10. Let w be g(16). Let r be 4 + (-430)/(-15) + (-4)/w. What is the greatest common factor of r and 8?
8
Let m be (1 - (-2)/(-4))/((-172)/(-12384)). What is the highest common factor of 144 and m?
36
Suppose 9*q - 2672 = -314. Suppose -5*b + 1297 = -3*s, 4*s = b + 6*s - q. Calculate the greatest common divisor of 20 and b.
20
Let l = 82 - 68. Let d be 394/3 - l/(-21). Calculate the highest common factor of d and 33.
33
Let h(g) = -11*g + 560. Let i be h(7). Calculate the highest common divisor of i and 207.
69
Let o = -312 - -1021. Suppose 46 = -13*v + o. What is the highest common divisor of v and 17?
17
Suppose -5*z + 3 = -3*v, 0 = -0*v + 3*v - 3*z - 3. Let q be (43 - v/2) + -2. Let w(h) = 9*h - 1. Let t be w(3). What is the greatest common divisor of t and q?
13
Let t = -266 + 9. Let z = -131 - t. Suppose p + 5*p - z = 0. What is the highest common factor of p and 105?
21
Let c = 327 - 287. What is the greatest common divisor of 20 and c?
20
Let p = 3046 + -3018. What is the highest common factor of p and 623?
7
Let m be (-6)/(-4)*(27 - -3). Suppose -5*o = -55 - m. Suppose -u - u = -20. What is the greatest common factor of u and o?
10
Suppose 6*u + 60 - 114 = 0. What is the greatest common factor of u and 180?
9
Suppose 27*t - 29*t = 0, -n + 18 = 3*t. Calculate the highest common factor of n and 8.
2
Let q(o) = -38*o - 143. Let i be q(-11). Calculate the highest common factor of 385 and i.
55
Let p(r) = -r**3 + 6*r**2 - 4*r + 10. Let i be p(5). Calculate the highest common factor of i and 10.
5
Let v(l) be the third derivative of 5*l**4/8 - 5*l**3/6 - 16*l**2. Let f be v(1). What is the highest common divisor of f and 80?
10
Let v be (-1)/((-1)/21) - -2. Let o be 173*12/10 + 69/(-115). What is the highest common divisor of v and o?
23
Suppose 5*t - 3*f - 131 = 29, -2*t = 5*f - 64. Let o = -477 + 557. What is the greatest common factor of t and o?
16
Let m = 149 + -100. Let i = 62 - m. What is the highest common divisor of i and 13?
13
Suppose 329*p = 311*p + 1710. Let j = 107 + -69. Calculate the greatest common divisor of p and j.
19
Suppose -36 = -0*o - 9*o. Suppose -15 - 25 = -o*v. What is the highest common divisor of v and 15?
5
Suppose -4*n = 5*y - 33, 2*n - 1 = 2*y - 7. Suppose -26*u + 2*u + 120 = 0. Suppose -u = -n*r - 1. What is the highest common factor of 10 and r?
2
Suppose 56*p - 39414 - 5386 = 0. Calculate the highest common factor of 30 and p.
10
Suppose -3*s = -11 - 7. Let y(m) = -53*m + 13. Let r be y(-5). Suppose 0 = 3*n + 80 - r. Calculate the greatest common divisor of s and n.
6
Suppose 31*u - 1585 - 2879 = 0. What is the highest common divisor of 32 and u?
16
Suppose 3*y = -0*y + 2*g + 101, -2*y + 58 = g. Let c = -25 + y. Calculate the greatest common divisor of c and 54.
6
Let o = -266 + 293. What is the greatest common divisor of o and 2?
1
Let f = -23 + 67. Let n be 94/8 + (-36)/48. Calculate the greatest common factor of f and n.
11
Suppose -y + 2*k + 0 = -1, 5*k + 1 = y. Let v be y + (-4 - -2) - -6. Calculate the highest common divisor of v and 5.
5
Let q(x) = -x**3 - 12*x**2 - 25*x + 34. Let m be q(-9). Calculate the highest common factor of m and 1.
1
Let r be (-2)/(-12) - 51/(-18). Suppose 0 = -4*n + 4, -5*f - 8*n = -r*n - 70. Calculate the greatest common factor of 13 and f.
13
Suppose -z - 2*l + 104 = 0, 0 = 2*z + 6*l - l - 212. What is the greatest common divisor of z and 12?
12
Suppose -2*w - 33 = -p, 0 = -3*p - 4*w + 48 + 71. Calculate the greatest common factor of 1 and p.
1
Suppose -112*x - 14 = -119*x. Calculate the highest common divisor of 64 and x.
2
Let p = 48 + -61. Let w be 39*(p/3 + 5). What is the greatest common factor of 39 and w?
13
Let u(n) be the first derivative of n**4/4 + 11*n**3/3 - 6*n**2 + 4*n - 21. Let r be u(-12). What is the greatest common divisor of 36 and r?
4
Let i be 7 + 2 + 2/(-2). Suppose r + 4 = 0, -7*r + 22 = -3*k - 2*r. Let n = k + 34. What is the highest common factor of n and i?
4
Let v(t) = t**2 - 6*t + 8. Let k be v(8). What is the greatest common divisor of k and 96?
24
Let y be 952/42 + 1/3. Let r(t) = 19*t + 1. Let j be 